8) in base 16?
4cc841
Convert 6417135 (base 8) to base 7.
20356256
What is 1153244 (base 6) in base 4?
33003130
What is -14011200 (base 5) in base 7?
-1126214
Convert 101003031 (base 4) to base 12.
344b9
What is -1c37a (base 16) in base 6?
-2251030
What is -1524210 (base 6) in base 11?
-60a13
251a85 (base 11) to base 5
100213231
-43305355 (base 6) to base 8
-4714247
-847437 (base 9) to base 15
-9e567
-1111010110110000 (base 2) to base 3
-10012021111
Convert 4300213004 (base 5) to base 11.
50915a9
Convert -1101220202 (base 3) to base 6.
-331545
What is -5564ac (base 15) in base 11?
-2330923
Convert 3755513 (base 9) to base 10.
2044533
-32687682 (base 9) to base 2
-111100010111010101101010
Convert 1110000010101100011 (base 2) to base 7.
3624330
Convert 122111323 (base 4) to base 10.
107899
3889e (base 16) to base 11
148a9a
Convert -28649 (base 12) to base 8.
-155631
Convert 5b0435 (base 13) to base 4.
20102013130
-341626 (base 12) to base 10
-832062
Convert 12200121202 (base 3) to base 8.
332565
What is 1100111101010001011100 (base 2) in base 5?
1332143300
-11100111010110011 (base 2) to base 9
-200432
What is 34858 (base 12) in base 4?
101023010
What is 4225651 (base 7) in base 5?
112323212
Convert -3edae (base 15) to base 12.
-99032
What is -1cb05 (base 13) in base 15?
-11c5e
What is -7414527 (base 8) in base 10?
-1972567
Convert -e110e3 (base 16) to base 11.
-8364921
What is -2763a9 (base 12) in base 14?
-130361
What is -5364450 (base 7) in base 5?
-131422200
Convert -244031100 (base 5) to base 6.
-40454215
-12185677 (base 9) to base 13
-130968a
-351462 (base 7) to base 11
-43381
-abd6 (base 14) to base 16
-7458
Convert 100100110110101 (base 2) to base 6.
223205
2823658 (base 11) to base 12
17678a2
1721140 (base 10) to base 6
100520124
Convert 1202210112222 (base 3) to base 8.
3455416
What is 25152322 (base 6) in base 2?
11000101010000011010
Convert 106646 (base 8) to base 3.
1211202001
What is 1212000010212 (base 3) in base 2?
11110000010010111110
Convert -254d2 (base 15) to base 3.
-20001112122
What is -340422312 (base 5) in base 7?
-15510452
Convert -22320704 (base 8) to base 7.
-56005426
752212 (base 10) to base 16
b7a54
Convert -67a6987 (base 11) to base 12.
-3ba583b
Convert -56bb90 (base 16) to base 5.
-2423342422
-31144126 (base 8) to base 11
-3801392
What is 282d96 (base 14) in base 8?
5235050
What is 48203 (base 9) in base 2?
111110111110001
-182d3c (base 15) to base 11
-732140
What is -13465203 (base 7) in base 4?
-10303212210
Convert cc1930 (base 16) to base 10.
13375792
-651872 (base 12) to base 6
-54141422
-2552436 (base 7) to base 10
-332247
43856a8 (base 11) to base 15
a1ea9e
110111010011110100010 (base 2) to base 12
734a02
1b3085 (base 16) to base 9
3315261
-1523343 (base 11) to base 15
-368736
Convert 1168130 (base 11) to base 7.
23160020
Convert -163558 (base 9) to base 2.
-11000101011000100
What is -122003101 (base 4) in base 10?
-106705
What is 5ef6d (base 16) in base 4?
1132331231
What is 542523 (base 8) in base 2?
101100010101010011
What is 719721 (base 10) in base 3?
1100120021100
-40513736 (base 9) to base 4
-1022021032311
Convert -222221211 (base 4) to base 11.
-10a282
1111000011000101110 (base 2) to base 4
1320120232
4134b (base 14) to base 5
20011223
424111 (base 7) to base 12
36617
Convert 4686622 (base 9) to base 8.
11533722
52a795 (base 13) to base 9
3571778
Convert 11223230 (base 4) to base 12.
11578
Convert -204144333 (base 5) to base 3.
-1121011221022
What is 332203311132 (base 4) in base 3?
1010212012011200
What is 1413403 (base 8) in base 9?
667422
Convert -1820120 (base 9) to base 8.
-3702336
216431 (base 7) to base 11
26850
118060 (base 13) to base 11
265753
-10111000110001001100000 (base 2) to base 14
-b38640
Convert 11120120100011 (base 3) to base 15.
3309b1
Convert -162805e (base 15) to base 4.
-331110213032
Convert 11110101111111010 (base 2) to base 11.
86697
-2740563 (base 8) to base 4
-2330011303
-4334033 (base 6) to base 3
-101220112210
What is -10011100010010001111 (base 2) in base 6?
-21415343
What is 475413 (base 8) in base 11?
101162
What is 261503 (base 10) in base 12?
1073bb
What is 123a38 (base 16) in base 4?
10203220320
Convert a56824 (base 11) to base 10.
1692695
What is 3a6f2 (base 16) in base 12?
b6616
What is 110575 (base 9) in base 8?
201043
What is -309892 (base 10) in base 4?
-1023222010
What is -1989875 (base 11) in base 2?
-1100110010001010001001
Convert 112010442 (base 5) to base 11.
312245
What is 21443545 (base 6) in base 15?
caab8
-45a30 (base 12) to base 15
-1c890
101021 (base 9) to base 16
e995
Convert 346456 (base 7) to base 10.
62320
533433 (base 11) to base 6
30144135
109195 (base 11) to base 15
36505
Convert -15a7073 (base 15) to base 3.
-1002120112100000
Convert 19138 (base 10) to base 8.
45302
What is -3a5715 (base 11) in base 15?
-c8b71
-242310 (base 7) to base 3
-2020102210
Convert 139a31 (base 11) to base 3.
102002022101
Convert 3760ae (base 15) to base 11.
15521a0
What is -101010033113 (base 4) in base 15?
-5d5895
372a53a (base 12) to base 13
22c9360
Convert -2411134 (base 6) to base 14.
-33cb0
What is -10b52b (base 14) in base 7?
-4556654
-11131400112 (base 5) to base 3
-212021120001210
-100000010010011001 (base 2) to base 8
-402231
What is 5244121 (base 6) in base 9?
427624
What is 2012121022021 (base 3) in base 9?
2177267
167d9 (base 16) to base 13
32c13
8231388 (base 9) to base 7
52213613
-480075 (base 10) to base 15
-973a0
-17972 (base 15) to base 12
-38252
What is -13133323113 (base 4) in base 7?
-22465101
What is 312124 (base 7) in base 11?
37285
Convert -52f2ea (base 16) to base 4.
-110233023222
What is 4141724 (base 10) in base 11?
2379814
Convert 7d645 (base 14) to base 4.
1022222131
425313511 (base 6) to base 13
173b810
Convert 20112142 (base 5) to base 3.
22010212221
Convert -76212b (base 14) to base 5.
-2011012422
Convert -1306776 (base 9) to base 3.
-1100020212120
85291 (base 10) to base 2
10100110100101011
What is 20353413 (base 6) in base 11?
373701
What is 1466663 (base 7) in base 6?
4153412
What is 3143546 (base 7) in base 9?
640152
What is 23040220 (base 6) in base 5?
140030413
1101111010000010110 (base 2) to base 3
212011002212
-3045443 (base 7) to base 14
-96b93
Convert -24411426 (base 7) to base 3.
-11010011012020
What is 18c23 (base 16) in base 6?
2101255
Convert 11312330 (base 5) to base 9.
167705
-622256 (base 7) to base 5
-11401334
Convert 141301101 (base 5) to base 13.
1c6643
Convert 537421 (base 8) to base 16.
2bf11
What is 33392 (base 11) in base 7?
261023
Convert 55c318 (base 14) to base 15.
3c895d
-2494a5 (base 14) to base 16
-132619
What is 2325968 (base 10) in base 8?
10676720
10554404 (base 6) to base 12
138a04
What is 1726c (base 15) in base 5?
4343202
Convert -4928906 (base 11) to base 6.
-503455024
-202015 (base 8) to base 13
-243c0
What is 36c358 (base 14) in base 9?
3471470
What is -3251050 (base 6) in base 10?
-162246
137a29 (base 15) to base 13
26a747
Convert 102212110220012 (base 3) to base 6.
343111305
Convert 4413331 (base 5) to base 9.
125335
What is 1144a5 (base 12) in base 16?
43abd
Convert -414421210 (base 5) to base 13.
-481712
Convert -1833859 (base 12) to base 14.
-954913
Convert -78a (base 15) to base 5.
-23310
What is -17704 (base 16) in base 6?
-2020244
1938 (base 11) to base 5
34321
Convert -13120122001 (base 4) to base 8.
-7303201
Convert 10001010110111100110 (base 2) to base 9.
1056226
What is 5b9610 (base 16) in base 15?
7d8662
22012122102102 (base 3) to base 14
817c56
Convert -554143244 (base 6) to base 15.
-d275e7
4163910 (base 10) to base 13
b2a36a
-120b644 (base 13) to base 16
-555e08
What is 3a279 (base 12) in base 13?
2a47a
What is 100020212020220 (base 3) in base 12?
17920b0
What is 9e822 (base 15) in base 6?
14452335
What is -43d1f9 (base 16) in base 12?
-15a4189
Convert -910419 (base 10) to base 14.
-199add
What is 12101002210002 (base 3) in base 13?
78cca1
What is -104a (base 16) in base 11?
-3151
Convert -102021222 (base 4) to base 5.
-4334341
What is -3e720a (base 15) in base 5?
-1232322320
What is -532783 (base 14) in base 11?
-1650227
What is -200113 (base 10) in base 8?
-606661
31545560 (base 7) to base 15
38037e
What is 620516 (base 8) in base 3?
101102101120
10011232212 (base 4) to base 14